{"id":144,"date":"2020-01-03T17:20:13","date_gmt":"2020-01-03T17:20:13","guid":{"rendered":"http:\/\/duschi-pyrotechnics.at\/wordpress\/?page_id=144"},"modified":"2021-03-21T06:59:35","modified_gmt":"2021-03-21T06:59:35","slug":"package-bronze","status":"publish","type":"page","link":"http:\/\/duschi-pyrotechnics.at\/wordpress\/?page_id=144","title":{"rendered":"Package Bronze"},"content":{"rendered":"\n<ul><li>Brenndauer ca. 3-4 Minuten <\/li><li>Sicherheitsradius von Gegebenheiten des Abbrennplatzes abh\u00e4ngig (mindestens 80 Meter)<\/li><li>Professionell choreographiertes Feuerwerk ohne Musikbegleitung <\/li><li>Lichterbilder nach Absprache und gegen Aufpreis m\u00f6glich<\/li><li><a href=\"http:\/\/duschi-pyrotechnics.at\/wordpress\/?page_id=263\"><em><strong>Service-Paket<\/strong><\/em><\/a> inbegriffen  <\/li><\/ul>\n\n\n\n<p>Das &#8222;Package Bronze&#8220; ist das Einsteigerfeuerwerk f\u00fcr kleinere Veranstaltungen und Feierlichkeiten. Dieses umfasst ein Feuerwerk mit einer L\u00e4nge von circa 4 Minuten und l\u00e4sst Spielraum f\u00fcr individuelle W\u00fcnsche Ihrerseits. <\/p>\n\n\n\n<h2>ab 869 \u20ac <\/h2>\n","protected":false},"excerpt":{"rendered":"<p>Brenndauer ca. 3-4 Minuten Sicherheitsradius von Gegebenheiten des Abbrennplatzes abh\u00e4ngig (mindestens 80 Meter) Professionell choreographiertes Feuerwerk ohne Musikbegleitung Lichterbilder nach&hellip;<\/p>\n","protected":false},"author":1,"featured_media":0,"parent":0,"menu_order":0,"comment_status":"closed","ping_status":"closed","template":"","meta":[],"_links":{"self":[{"href":"http:\/\/duschi-pyrotechnics.at\/wordpress\/index.php?rest_route=\/wp\/v2\/pages\/144"}],"collection":[{"href":"http:\/\/duschi-pyrotechnics.at\/wordpress\/index.php?rest_route=\/wp\/v2\/pages"}],"about":[{"href":"http:\/\/duschi-pyrotechnics.at\/wordpress\/index.php?rest_route=\/wp\/v2\/types\/page"}],"author":[{"embeddable":true,"href":"http:\/\/duschi-pyrotechnics.at\/wordpress\/index.php?rest_route=\/wp\/v2\/users\/1"}],"replies":[{"embeddable":true,"href":"http:\/\/duschi-pyrotechnics.at\/wordpress\/index.php?rest_route=%2Fwp%2Fv2%2Fcomments&post=144"}],"version-history":[{"count":8,"href":"http:\/\/duschi-pyrotechnics.at\/wordpress\/index.php?rest_route=\/wp\/v2\/pages\/144\/revisions"}],"predecessor-version":[{"id":313,"href":"http:\/\/duschi-pyrotechnics.at\/wordpress\/index.php?rest_route=\/wp\/v2\/pages\/144\/revisions\/313"}],"wp:attachment":[{"href":"http:\/\/duschi-pyrotechnics.at\/wordpress\/index.php?rest_route=%2Fwp%2Fv2%2Fmedia&parent=144"}],"curies":[{"name":"wp","href":"https:\/\/api.w.org\/{rel}","templated":true}]}}